{"id":1101425,"date":"2026-04-27T10:06:49","date_gmt":"2026-04-27T08:06:49","guid":{"rendered":"https:\/\/mazury-zachodnie.pl\/?post_type=tribe_events&#038;p=1101425"},"modified":"2026-04-27T10:06:49","modified_gmt":"2026-04-27T08:06:49","slug":"noc-muzeow-grunwald","status":"publish","type":"tribe_events","link":"https:\/\/mazury-zachodnie.pl\/en\/wydarzenie\/noc-muzeow-grunwald\/","title":{"rendered":"NOC MUZE\u00d3W | Grunwald!"},"content":{"rendered":"<div class=\"xdj266r x14z9mp xat24cr x1lziwak x1vvkbs x126k92a\">\n<div dir=\"auto\">Ju\u017c 9 maja zapraszamy do Muzeum Bitwy pod Grunwaldem w St\u0119barku na Europejsk\u0105 Noc Muze\u00f3w.<span class=\"html-span xexx8yu xyri2b x18d9i69 x1c1uobl x1hl2dhg x16tdsg8 x1vvkbs x3nfvp2 x1j61x8r x1fcty0u xdj266r xat24cr xm2jcoa x1mpyi22 xxymvpz xlup9mm x1kky2od\"><img loading=\"lazy\" decoding=\"async\" class=\"xz74otr x15mokao x1ga7v0g x16uus16 xbiv7yw\" src=\"https:\/\/static.xx.fbcdn.net\/images\/emoji.php\/v9\/t33\/1\/16\/1f319.png\" alt=\"\ud83c\udf19\" width=\"16\" height=\"16\" \/><\/span><\/div>\n<\/div>\n<div class=\"x14z9mp xat24cr x1lziwak x1vvkbs xtlvy1s x126k92a\">\n<div dir=\"auto\">Wiecz\u00f3r, kiedy Grunwald mo\u017cna zobaczy\u0107 od zupe\u0142nie innej strony, w spokojniejszym tempie i wyj\u0105tkowym, nocnym klimacie.<span class=\"html-span xexx8yu xyri2b x18d9i69 x1c1uobl x1hl2dhg x16tdsg8 x1vvkbs x3nfvp2 x1j61x8r x1fcty0u xdj266r xat24cr xm2jcoa x1mpyi22 xxymvpz xlup9mm x1kky2od\"><img loading=\"lazy\" decoding=\"async\" class=\"xz74otr x15mokao x1ga7v0g x16uus16 xbiv7yw\" src=\"https:\/\/static.xx.fbcdn.net\/images\/emoji.php\/v9\/t8\/1\/16\/2694.png\" alt=\"\u2694\ufe0f\" width=\"16\" height=\"16\" \/><\/span><\/div>\n<\/div>\n<div class=\"x14z9mp xat24cr x1lziwak x1vvkbs xtlvy1s x126k92a\">\n<div dir=\"auto\">Od godziny 16:00 Muzeum b\u0119dzie otwarte na bezp\u0142atne zwiedzanie. W programie przewidziane s\u0105 trzy wej\u015bcia do Muzeum z przewodnikiem, gry i zabawy plebejskie, a gdy zapadnie wiecz\u00f3r wsp\u00f3lnie wyruszymy z latarniami na Wzg\u00f3rze Pomnikowe. Tam zobaczycie pokaz artylerii, a na zako\u0144czenie odb\u0119dzie si\u0119 widowiskowe fireshow.<span class=\"html-span xexx8yu xyri2b x18d9i69 x1c1uobl x1hl2dhg x16tdsg8 x1vvkbs x3nfvp2 x1j61x8r x1fcty0u xdj266r xat24cr xm2jcoa x1mpyi22 xxymvpz xlup9mm x1kky2od\"><img loading=\"lazy\" decoding=\"async\" class=\"xz74otr x15mokao x1ga7v0g x16uus16 xbiv7yw\" src=\"https:\/\/static.xx.fbcdn.net\/images\/emoji.php\/v9\/t7d\/1\/16\/1f56f.png\" alt=\"\ud83d\udd6f\ufe0f\" width=\"16\" height=\"16\" \/><\/span><\/div>\n<\/div>\n<div class=\"x14z9mp xat24cr x1lziwak x1vvkbs xtlvy1s x126k92a\">\n<div dir=\"auto\">Tegoroczna edycja ma te\u017c szczeg\u00f3lny charakter, zostanie po\u0142\u0105czona z wernisa\u017cem wystawy czasowej pt. &#8222;Razem&#8221; w Galerii Sztuki Grunwaldzkiej, przygotowanej przez artyst\u00f3w polskich z Okr\u0119gu Lubelskiego Zwi\u0105zku Artyst\u00f3w Plastyk\u00f3w oraz Zwi\u0105zku Artyst\u00f3w Litewskich. To niezwyk\u0142e spotkanie dw\u00f3ch \u015brodowisk tw\u00f3rczych, inspirowane wsp\u00f3ln\u0105 histori\u0105 naszych narod\u00f3w. <span class=\"html-span xexx8yu xyri2b x18d9i69 x1c1uobl x1hl2dhg x16tdsg8 x1vvkbs x3nfvp2 x1j61x8r x1fcty0u xdj266r xat24cr xm2jcoa x1mpyi22 xxymvpz xlup9mm x1kky2od\"><img loading=\"lazy\" decoding=\"async\" class=\"xz74otr x15mokao x1ga7v0g x16uus16 xbiv7yw\" src=\"https:\/\/static.xx.fbcdn.net\/images\/emoji.php\/v9\/te0\/1\/16\/1f1f5_1f1f1.png\" alt=\"\ud83c\uddf5\ud83c\uddf1\" width=\"16\" height=\"16\" \/><\/span><span class=\"html-span xexx8yu xyri2b x18d9i69 x1c1uobl x1hl2dhg x16tdsg8 x1vvkbs x3nfvp2 x1j61x8r x1fcty0u xdj266r xat24cr xm2jcoa x1mpyi22 xxymvpz xlup9mm x1kky2od\"><img loading=\"lazy\" decoding=\"async\" class=\"xz74otr x15mokao x1ga7v0g x16uus16 xbiv7yw\" src=\"https:\/\/static.xx.fbcdn.net\/images\/emoji.php\/v9\/te4\/1\/16\/1f1f1_1f1f9.png\" alt=\"\ud83c\uddf1\ud83c\uddf9\" width=\"16\" height=\"16\" \/><\/span><\/div>\n<\/div>\n<div class=\"x14z9mp xat24cr x1lziwak x1vvkbs xtlvy1s x126k92a\">\n<div dir=\"auto\">Wyj\u0105tkowy wiecz\u00f3r w wyj\u0105tkowym miejscu. Sp\u0119d\u017acie go razem z nami. Czekamy na Was!<span class=\"html-span xexx8yu xyri2b x18d9i69 x1c1uobl x1hl2dhg x16tdsg8 x1vvkbs x3nfvp2 x1j61x8r x1fcty0u xdj266r xat24cr xm2jcoa x1mpyi22 xxymvpz xlup9mm x1kky2od\"><img loading=\"lazy\" decoding=\"async\" class=\"xz74otr x15mokao x1ga7v0g x16uus16 xbiv7yw\" src=\"https:\/\/static.xx.fbcdn.net\/images\/emoji.php\/v9\/t7f\/1\/16\/1f60a.png\" alt=\"\ud83d\ude0a\" width=\"16\" height=\"16\" \/><\/span><span class=\"html-span xexx8yu xyri2b x18d9i69 x1c1uobl x1hl2dhg x16tdsg8 x1vvkbs x3nfvp2 x1j61x8r x1fcty0u xdj266r xat24cr xm2jcoa x1mpyi22 xxymvpz xlup9mm x1kky2od\"><img loading=\"lazy\" decoding=\"async\" class=\"xz74otr x15mokao x1ga7v0g x16uus16 xbiv7yw\" src=\"https:\/\/static.xx.fbcdn.net\/images\/emoji.php\/v9\/tfa\/1\/16\/1f44b.png\" alt=\"\ud83d\udc4b\" width=\"16\" height=\"16\" \/><\/span><\/div>\n<\/div>","protected":false},"excerpt":{"rendered":"<p>Ju\u017c 9 maja zapraszamy do Muzeum Bitwy pod Grunwaldem w St\u0119barku na Europejsk\u0105 Noc Muze\u00f3w.<\/p>","protected":false},"author":2,"featured_media":1101426,"template":"","meta":{"_acf_changed":false,"_et_pb_use_builder":"","_et_pb_old_content":"","_et_gb_content_width":"","_tribe_events_status":"","_tribe_events_status_reason":"","_tribe_events_is_hybrid":"","_tribe_events_is_virtual":"","_tribe_events_virtual_video_source":"","_tribe_events_virtual_embed_video":"","_tribe_events_virtual_linked_button_text":"","_tribe_events_virtual_linked_button":"","_tribe_events_virtual_show_embed_at":"","_tribe_events_virtual_show_embed_to":[],"_tribe_events_virtual_show_on_event":"","_tribe_events_virtual_show_on_views":"","_tribe_events_virtual_url":"","footnotes":""},"tags":[116,254],"tribe_events_cat":[130,482],"class_list":["post-1101425","tribe_events","type-tribe_events","status-publish","has-post-thumbnail","hentry","tag-grunwald","tag-mazury-zachodnie","tribe_events_cat-spotkania","tribe_events_cat-wystawy","cat_spotkania","cat_wystawy"],"acf":[],"_links":{"self":[{"href":"https:\/\/mazury-zachodnie.pl\/en\/wp-json\/wp\/v2\/tribe_events\/1101425","targetHints":{"allow":["GET"]}}],"collection":[{"href":"https:\/\/mazury-zachodnie.pl\/en\/wp-json\/wp\/v2\/tribe_events"}],"about":[{"href":"https:\/\/mazury-zachodnie.pl\/en\/wp-json\/wp\/v2\/types\/tribe_events"}],"author":[{"embeddable":true,"href":"https:\/\/mazury-zachodnie.pl\/en\/wp-json\/wp\/v2\/users\/2"}],"version-history":[{"count":1,"href":"https:\/\/mazury-zachodnie.pl\/en\/wp-json\/wp\/v2\/tribe_events\/1101425\/revisions"}],"predecessor-version":[{"id":1101427,"href":"https:\/\/mazury-zachodnie.pl\/en\/wp-json\/wp\/v2\/tribe_events\/1101425\/revisions\/1101427"}],"wp:featuredmedia":[{"embeddable":true,"href":"https:\/\/mazury-zachodnie.pl\/en\/wp-json\/wp\/v2\/media\/1101426"}],"wp:attachment":[{"href":"https:\/\/mazury-zachodnie.pl\/en\/wp-json\/wp\/v2\/media?parent=1101425"}],"wp:term":[{"taxonomy":"post_tag","embeddable":true,"href":"https:\/\/mazury-zachodnie.pl\/en\/wp-json\/wp\/v2\/tags?post=1101425"},{"taxonomy":"tribe_events_cat","embeddable":true,"href":"https:\/\/mazury-zachodnie.pl\/en\/wp-json\/wp\/v2\/tribe_events_cat?post=1101425"}],"curies":[{"name":"wp","href":"https:\/\/api.w.org\/{rel}","templated":true}]}}

NOC MUZEÓW | Grunwald!

<div class="xdj266r x14z9mp xat24cr x1lziwak x1vvkbs x126k92a">
<div dir="auto">Już 9 maja zapraszamy do Muzeum Bitwy pod Grunwaldem w Stębarku na Europejską Noc Muzeów.<span class="html-span xexx8yu xyri2b x18d9i69 x1c1uobl x1hl2dhg x16tdsg8 x1vvkbs x3nfvp2 x1j61x8r x1fcty0u xdj266r xat24cr xm2jcoa x1mpyi22 xxymvpz xlup9mm x1kky2od"><img loading="lazy" decoding="async" class="xz74otr x15mokao x1ga7v0g x16uus16 xbiv7yw" src="https://static.xx.fbcdn.net/images/emoji.php/v9/t33/1/16/1f319.png" alt="🌙" width="16" height="16" /></span></div>
</div>
<div class="x14z9mp xat24cr x1lziwak x1vvkbs xtlvy1s x126k92a">
<div dir="auto">Wieczór, kiedy Grunwald można zobaczyć od zupełnie innej strony, w spokojniejszym tempie i wyjątkowym, nocnym klimacie.<span class="html-span xexx8yu xyri2b x18d9i69 x1c1uobl x1hl2dhg x16tdsg8 x1vvkbs x3nfvp2 x1j61x8r x1fcty0u xdj266r xat24cr xm2jcoa x1mpyi22 xxymvpz xlup9mm x1kky2od"><img loading="lazy" decoding="async" class="xz74otr x15mokao x1ga7v0g x16uus16 xbiv7yw" src="https://static.xx.fbcdn.net/images/emoji.php/v9/t8/1/16/2694.png" alt="⚔️" width="16" height="16" /></span></div>
</div>
<div class="x14z9mp xat24cr x1lziwak x1vvkbs xtlvy1s x126k92a">
<div dir="auto">Od godziny 16:00 Muzeum będzie otwarte na bezpłatne zwiedzanie. W programie przewidziane są trzy wejścia do Muzeum z przewodnikiem, gry i zabawy plebejskie, a gdy zapadnie wieczór wspólnie wyruszymy z latarniami na Wzgórze Pomnikowe. Tam zobaczycie pokaz artylerii, a na zakończenie odbędzie się widowiskowe fireshow.<span class="html-span xexx8yu xyri2b x18d9i69 x1c1uobl x1hl2dhg x16tdsg8 x1vvkbs x3nfvp2 x1j61x8r x1fcty0u xdj266r xat24cr xm2jcoa x1mpyi22 xxymvpz xlup9mm x1kky2od"><img loading="lazy" decoding="async" class="xz74otr x15mokao x1ga7v0g x16uus16 xbiv7yw" src="https://static.xx.fbcdn.net/images/emoji.php/v9/t7d/1/16/1f56f.png" alt="🕯️" width="16" height="16" /></span></div>
</div>
<div class="x14z9mp xat24cr x1lziwak x1vvkbs xtlvy1s x126k92a">
<div dir="auto">Tegoroczna edycja ma też szczególny charakter, zostanie połączona z wernisażem wystawy czasowej pt. &#8222;Razem&#8221; w Galerii Sztuki Grunwaldzkiej, przygotowanej przez artystów polskich z Okręgu Lubelskiego Związku Artystów Plastyków oraz Związku Artystów Litewskich. To niezwykłe spotkanie dwóch środowisk twórczych, inspirowane wspólną historią naszych narodów. <span class="html-span xexx8yu xyri2b x18d9i69 x1c1uobl x1hl2dhg x16tdsg8 x1vvkbs x3nfvp2 x1j61x8r x1fcty0u xdj266r xat24cr xm2jcoa x1mpyi22 xxymvpz xlup9mm x1kky2od"><img loading="lazy" decoding="async" class="xz74otr x15mokao x1ga7v0g x16uus16 xbiv7yw" src="https://static.xx.fbcdn.net/images/emoji.php/v9/te0/1/16/1f1f5_1f1f1.png" alt="🇵🇱" width="16" height="16" /></span><span class="html-span xexx8yu xyri2b x18d9i69 x1c1uobl x1hl2dhg x16tdsg8 x1vvkbs x3nfvp2 x1j61x8r x1fcty0u xdj266r xat24cr xm2jcoa x1mpyi22 xxymvpz xlup9mm x1kky2od"><img loading="lazy" decoding="async" class="xz74otr x15mokao x1ga7v0g x16uus16 xbiv7yw" src="https://static.xx.fbcdn.net/images/emoji.php/v9/te4/1/16/1f1f1_1f1f9.png" alt="🇱🇹" width="16" height="16" /></span></div>
</div>
<div class="x14z9mp xat24cr x1lziwak x1vvkbs xtlvy1s x126k92a">
<div dir="auto">Wyjątkowy wieczór w wyjątkowym miejscu. Spędźcie go razem z nami. Czekamy na Was!<span class="html-span xexx8yu xyri2b x18d9i69 x1c1uobl x1hl2dhg x16tdsg8 x1vvkbs x3nfvp2 x1j61x8r x1fcty0u xdj266r xat24cr xm2jcoa x1mpyi22 xxymvpz xlup9mm x1kky2od"><img loading="lazy" decoding="async" class="xz74otr x15mokao x1ga7v0g x16uus16 xbiv7yw" src="https://static.xx.fbcdn.net/images/emoji.php/v9/t7f/1/16/1f60a.png" alt="😊" width="16" height="16" /></span><span class="html-span xexx8yu xyri2b x18d9i69 x1c1uobl x1hl2dhg x16tdsg8 x1vvkbs x3nfvp2 x1j61x8r x1fcty0u xdj266r xat24cr xm2jcoa x1mpyi22 xxymvpz xlup9mm x1kky2od"><img loading="lazy" decoding="async" class="xz74otr x15mokao x1ga7v0g x16uus16 xbiv7yw" src="https://static.xx.fbcdn.net/images/emoji.php/v9/tfa/1/16/1f44b.png" alt="👋" width="16" height="16" /></span></div>
</div>

<p>Już 9 maja zapraszamy do Muzeum Bitwy pod Grunwaldem w Stębarku na Europejską Noc Muzeów.</p>
