{"id":1101439,"date":"2026-04-28T12:57:10","date_gmt":"2026-04-28T10:57:10","guid":{"rendered":"https:\/\/mazury-zachodnie.pl\/?post_type=tribe_events&#038;p=1101439"},"modified":"2026-04-28T12:57:10","modified_gmt":"2026-04-28T10:57:10","slug":"noc-muzeow-w-ilawie","status":"publish","type":"tribe_events","link":"https:\/\/mazury-zachodnie.pl\/ger\/wydarzenie\/noc-muzeow-w-ilawie\/","title":{"rendered":"Noc Muze\u00f3w w I\u0141AWIE!"},"content":{"rendered":"<div class=\"xdj266r x14z9mp xat24cr x1lziwak x1vvkbs\">Tegoroczna Noc Muze\u00f3w zn\u00f3w o\u017cywi I\u0142aw\u0119 po zmroku. Jak co roku jednym z przystank\u00f3w na tej wyj\u0105tkowej trasie b\u0119dzie tak\u017ce I\u0142awskie Centrum Kultury.<\/div>\n<div class=\"x14z9mp xat24cr x1lziwak x1vvkbs xtlvy1s\">Przygotowali\u015bmy trzy przestrzenie, w kt\u00f3rych b\u0119dzie mo\u017cna na chwil\u0119 si\u0119 zatrzyma\u0107, odpocz\u0105\u0107 albo po prostu zrobi\u0107 co\u015b kreatywnego.<\/div>\n<div class=\"x14z9mp xat24cr x1lziwak x1vvkbs xtlvy1s\"><span class=\"html-span xexx8yu xyri2b x18d9i69 x1c1uobl x1hl2dhg x16tdsg8 x1vvkbs x3nfvp2 x1j61x8r x1fcty0u xdj266r xat24cr xm2jcoa x1mpyi22 xxymvpz xlup9mm x1kky2od\"><img loading=\"lazy\" decoding=\"async\" class=\"xz74otr x15mokao x1ga7v0g x16uus16 xbiv7yw\" src=\"https:\/\/static.xx.fbcdn.net\/images\/emoji.php\/v9\/t2d\/1\/16\/1f3ac.png\" alt=\"\ud83c\udfac\" width=\"16\" height=\"16\" \/><\/span> Kino Sensoryczne &#8211; Sala Kinoteatru \u201ePasja\u201d<br class=\"html-br\" \/>Po nocnym spacerze po mie\u015bcie i kolejnym punkcie na muzealnej mapie czasem cz\u0142owiek marzy tylko o tym, \u017ceby usi\u0105\u015b\u0107 i odetchn\u0105\u0107.<br class=\"html-br\" \/>Czeka na Was relaksuj\u0105ca przestrze\u0144 \u015bwiat\u0142a i d\u017awi\u0119ku z mo\u017cliwo\u015bci\u0105 odpoczynku w kinowej atmosferze.<\/div>\n<div class=\"x14z9mp xat24cr x1lziwak x1vvkbs xtlvy1s\"><span class=\"html-span xexx8yu xyri2b x18d9i69 x1c1uobl x1hl2dhg x16tdsg8 x1vvkbs x3nfvp2 x1j61x8r x1fcty0u xdj266r xat24cr xm2jcoa x1mpyi22 xxymvpz xlup9mm x1kky2od\"><img loading=\"lazy\" decoding=\"async\" class=\"xz74otr x15mokao x1ga7v0g x16uus16 xbiv7yw\" src=\"https:\/\/static.xx.fbcdn.net\/images\/emoji.php\/v9\/t6e\/1\/16\/1f4ac.png\" alt=\"\ud83d\udcac\" width=\"16\" height=\"16\" \/><\/span> Strefa Mieszka\u0144c\u00f3w &#8211; Hol Kina<br class=\"html-br\" \/>\u201eCzego by Ci zabrak\u0142o, gdyby nie by\u0142o tego miejsca?\u201d<br class=\"html-br\" \/>Zostaw swoj\u0105 my\u015bl, wspomnienie albo ma\u0142y rysunek i stw\u00f3rz razem z nami wyj\u0105tkow\u0105 map\u0119 emocji zwi\u0105zanych z ICK.<\/div>\n<div class=\"x14z9mp xat24cr x1lziwak x1vvkbs xtlvy1s\"><span class=\"html-span xexx8yu xyri2b x18d9i69 x1c1uobl x1hl2dhg x16tdsg8 x1vvkbs x3nfvp2 x1j61x8r x1fcty0u xdj266r xat24cr xm2jcoa x1mpyi22 xxymvpz xlup9mm x1kky2od\"><img loading=\"lazy\" decoding=\"async\" class=\"xz74otr x15mokao x1ga7v0g x16uus16 xbiv7yw\" src=\"https:\/\/static.xx.fbcdn.net\/images\/emoji.php\/v9\/t82\/1\/16\/1f3a8.png\" alt=\"\ud83c\udfa8\" width=\"16\" height=\"16\" \/><\/span> Warsztaty Plakatowe &#8211; Sala Konferencyjna ICK<br class=\"html-br\" \/>Troch\u0119 wyobra\u017ani, troch\u0119 zabawy i w\u0142asny plakat inspirowany wydarzeniami I\u0142awskiego Centrum Kultury gotowy.<br class=\"html-br\" \/>Nie trzeba by\u0107 grafikiem &#8211; wystarczy pomys\u0142 i ch\u0119\u0107 stworzenia czego\u015b swojego.<\/div>\n<div class=\"x14z9mp xat24cr x1lziwak x1vvkbs xtlvy1s\">Do zobaczenia podczas Nocy Muze\u00f3w!<\/div>","protected":false},"excerpt":{"rendered":"<p>Tegoroczna Noc Muze\u00f3w zn\u00f3w o\u017cywi I\u0142aw\u0119 po zmroku. Jak co roku jednym z przystank\u00f3w na tej wyj\u0105tkowej trasie b\u0119dzie tak\u017ce I\u0142awskie Centrum Kultury.<\/p>","protected":false},"author":2,"featured_media":1101440,"template":"","meta":{"_acf_changed":false,"_et_pb_use_builder":"","_et_pb_old_content":"","_et_gb_content_width":"","_tribe_events_status":"","_tribe_events_status_reason":"","_tribe_events_is_hybrid":"","_tribe_events_is_virtual":"","_tribe_events_virtual_video_source":"","_tribe_events_virtual_embed_video":"","_tribe_events_virtual_linked_button_text":"","_tribe_events_virtual_linked_button":"","_tribe_events_virtual_show_embed_at":"","_tribe_events_virtual_show_embed_to":[],"_tribe_events_virtual_show_on_event":"","_tribe_events_virtual_show_on_views":"","_tribe_events_virtual_url":"","footnotes":""},"tags":[114,254,559,304],"tribe_events_cat":[195,130,482],"class_list":["post-1101439","tribe_events","type-tribe_events","status-publish","has-post-thumbnail","hentry","tag-ilawa","tag-mazury-zachodnie","tag-noc-muzeow","tag-wydarzenia-w-ilawie","tribe_events_cat-obchody","tribe_events_cat-spotkania","tribe_events_cat-wystawy","cat_obchody","cat_spotkania","cat_wystawy"],"acf":[],"_links":{"self":[{"href":"https:\/\/mazury-zachodnie.pl\/ger\/wp-json\/wp\/v2\/tribe_events\/1101439","targetHints":{"allow":["GET"]}}],"collection":[{"href":"https:\/\/mazury-zachodnie.pl\/ger\/wp-json\/wp\/v2\/tribe_events"}],"about":[{"href":"https:\/\/mazury-zachodnie.pl\/ger\/wp-json\/wp\/v2\/types\/tribe_events"}],"author":[{"embeddable":true,"href":"https:\/\/mazury-zachodnie.pl\/ger\/wp-json\/wp\/v2\/users\/2"}],"version-history":[{"count":1,"href":"https:\/\/mazury-zachodnie.pl\/ger\/wp-json\/wp\/v2\/tribe_events\/1101439\/revisions"}],"predecessor-version":[{"id":1101441,"href":"https:\/\/mazury-zachodnie.pl\/ger\/wp-json\/wp\/v2\/tribe_events\/1101439\/revisions\/1101441"}],"wp:featuredmedia":[{"embeddable":true,"href":"https:\/\/mazury-zachodnie.pl\/ger\/wp-json\/wp\/v2\/media\/1101440"}],"wp:attachment":[{"href":"https:\/\/mazury-zachodnie.pl\/ger\/wp-json\/wp\/v2\/media?parent=1101439"}],"wp:term":[{"taxonomy":"post_tag","embeddable":true,"href":"https:\/\/mazury-zachodnie.pl\/ger\/wp-json\/wp\/v2\/tags?post=1101439"},{"taxonomy":"tribe_events_cat","embeddable":true,"href":"https:\/\/mazury-zachodnie.pl\/ger\/wp-json\/wp\/v2\/tribe_events_cat?post=1101439"}],"curies":[{"name":"wp","href":"https:\/\/api.w.org\/{rel}","templated":true}]}}

Noc Muzeów w IŁAWIE!

<div class="xdj266r x14z9mp xat24cr x1lziwak x1vvkbs">Tegoroczna Noc Muzeów znów ożywi Iławę po zmroku. Jak co roku jednym z przystanków na tej wyjątkowej trasie będzie także Iławskie Centrum Kultury.</div>
<div class="x14z9mp xat24cr x1lziwak x1vvkbs xtlvy1s">Przygotowaliśmy trzy przestrzenie, w których będzie można na chwilę się zatrzymać, odpocząć albo po prostu zrobić coś kreatywnego.</div>
<div class="x14z9mp xat24cr x1lziwak x1vvkbs xtlvy1s"><span class="html-span xexx8yu xyri2b x18d9i69 x1c1uobl x1hl2dhg x16tdsg8 x1vvkbs x3nfvp2 x1j61x8r x1fcty0u xdj266r xat24cr xm2jcoa x1mpyi22 xxymvpz xlup9mm x1kky2od"><img loading="lazy" decoding="async" class="xz74otr x15mokao x1ga7v0g x16uus16 xbiv7yw" src="https://static.xx.fbcdn.net/images/emoji.php/v9/t2d/1/16/1f3ac.png" alt="🎬" width="16" height="16" /></span> Kino Sensoryczne &#8211; Sala Kinoteatru „Pasja”<br class="html-br" />Po nocnym spacerze po mieście i kolejnym punkcie na muzealnej mapie czasem człowiek marzy tylko o tym, żeby usiąść i odetchnąć.<br class="html-br" />Czeka na Was relaksująca przestrzeń światła i dźwięku z możliwością odpoczynku w kinowej atmosferze.</div>
<div class="x14z9mp xat24cr x1lziwak x1vvkbs xtlvy1s"><span class="html-span xexx8yu xyri2b x18d9i69 x1c1uobl x1hl2dhg x16tdsg8 x1vvkbs x3nfvp2 x1j61x8r x1fcty0u xdj266r xat24cr xm2jcoa x1mpyi22 xxymvpz xlup9mm x1kky2od"><img loading="lazy" decoding="async" class="xz74otr x15mokao x1ga7v0g x16uus16 xbiv7yw" src="https://static.xx.fbcdn.net/images/emoji.php/v9/t6e/1/16/1f4ac.png" alt="💬" width="16" height="16" /></span> Strefa Mieszkańców &#8211; Hol Kina<br class="html-br" />„Czego by Ci zabrakło, gdyby nie było tego miejsca?”<br class="html-br" />Zostaw swoją myśl, wspomnienie albo mały rysunek i stwórz razem z nami wyjątkową mapę emocji związanych z ICK.</div>
<div class="x14z9mp xat24cr x1lziwak x1vvkbs xtlvy1s"><span class="html-span xexx8yu xyri2b x18d9i69 x1c1uobl x1hl2dhg x16tdsg8 x1vvkbs x3nfvp2 x1j61x8r x1fcty0u xdj266r xat24cr xm2jcoa x1mpyi22 xxymvpz xlup9mm x1kky2od"><img loading="lazy" decoding="async" class="xz74otr x15mokao x1ga7v0g x16uus16 xbiv7yw" src="https://static.xx.fbcdn.net/images/emoji.php/v9/t82/1/16/1f3a8.png" alt="🎨" width="16" height="16" /></span> Warsztaty Plakatowe &#8211; Sala Konferencyjna ICK<br class="html-br" />Trochę wyobraźni, trochę zabawy i własny plakat inspirowany wydarzeniami Iławskiego Centrum Kultury gotowy.<br class="html-br" />Nie trzeba być grafikiem &#8211; wystarczy pomysł i chęć stworzenia czegoś swojego.</div>
<div class="x14z9mp xat24cr x1lziwak x1vvkbs xtlvy1s">Do zobaczenia podczas Nocy Muzeów!</div>

<p>Tegoroczna Noc Muzeów znów ożywi Iławę po zmroku. Jak co roku jednym z przystanków na tej wyjątkowej trasie będzie także Iławskie Centrum Kultury.</p>
